.
3
Let t(f) = f**2 + f - 3. Suppose 2*j = -5*n - 15, 0*j = -n + 3*j - 3. Let q be t(n). Calculate the highest common divisor of 12 and q.
3
Suppose 0*n = 3*n. Suppose 3*f - 48 = -3*r, n = 5*f - 5*r + 20 - 60. Calculate the highest common factor of f and 24.
12
Suppose 12 = -0*j + j. Calculate the highest common factor of 60 and j.
12
Suppose d - 5*d = -3*o - 37, -3*o = 4*d - 43. What is the highest common factor of d and 20?
10
Suppose -2*j + 100 = -0*j. Let d be 28 - 3/4*4. Calculate the highest common divisor of d and j.
25
Let q = 6 + 0. Suppose -6*s = -2*s - 4*b - 164, 0 = -s - b + 43. Calculate the highest common divisor of q and s.
6
Let v = -9 + 13. Let b(y) = 5*y + 2. Let r be b(v). What is the greatest common divisor of r and 110?
22
Suppose -5*i = -5*v - 115, 3*i + 4*v - 20 - 28 = 0. Calculate the highest common factor of i and 10.
10
Suppose -4*a + 138 + 270 = 0. Suppose 5*c + 68 = -a. Let g = 52 + c. What is the highest common divisor of g and 162?
18
Let a = -5 - -21. Let h(p) be the third derivative of -p**4/24 + 4*p**3/3 - p**2. Let v be h(-8). Calculate the highest common factor of v and a.
16
Let f be 90/25*20/(-3). Let c be (-18)/4*f/18. What is the greatest common factor of 6 and c?
6
Let s be 72/(-21)*(-35)/5. Calculate the highest common factor of 6 and s.
6
Let x be 1/(-3) - 2/(-6). Suppose x = 5*y + 2*p + 44, -3*y - 5*p - 19 = -4. Let v be 1/(-5) + (-122)/y. What is the highest common factor of 6 and v?
6
Suppose -4*k + 79 = 7. Let t = 45 + -18. Calculate the highest common divisor of t and k.
9
Let k(r) = -r**3 - 6*r**2 - 6*r + 4. Let w be (-1)/(-2)*(11 - 1). Let x be (-27)/w - (-4)/10. Let l be k(x). Calculate the greatest common divisor of l and 36.
9
Let k be (-30)/(-8) + (-4)/(-16) - -16. Let a = 57 - 27. Calculate the greatest common factor of k and a.
10
Suppose 3*o - r - 6 = -0, -2*r - 6 = -4*o. Let z(t) = t**3 - 6*t**2 + 5*t + 6. Let g be z(5). What is the greatest common divisor of g and o?
3
Let i = -65 - -146. What is the highest common factor of i and 9?
9
Let n be 2*2/(-14) - 848/(-28). Calculate the greatest common factor of n and 5.
5
Let v be (-10)/(-4)*(5 + -3). Let x = -3 + v. Suppose 3*u + u + 74 = 5*z, 5*u = x*z - 33. Calculate the highest common divisor of z and 7.
7
Suppose -3*o + g = -3, 2*o - 3 = -g - 1. Let l be (2 + -2 + -31)/o. Let b = 43 + l. What is the highest common divisor of b and 12?
12
Let a(b) = 8*b**2 - 2*b + 10. Let t be a(5). What is the greatest common divisor of t and 25?
25
Suppose 3*c = -5*t + 41, 5*c - t = -0*t + 87. Calculate the greatest common divisor of c and 187.
17
Suppose -y = 4*o - o - 97, 575 = 5*y - 3*o. What is the greatest common factor of 16 and y?
16
Let v be ((-14)/(-5))/((-7)/(-105)). Let m = 86 - v. What is the greatest common factor of 4 and m?
4
Suppose u - 24 = -u. What is the highest common factor of u and 96?
12
Let r = -59 - -102. Let z = 71 - r. What is the greatest common factor of z and 7?
7
Suppose -10*x - 920 = -15*x. Calculate the greatest common factor of x and 23.
23
Let u(h) = h + 36. Let o be u(-18). Calculate the greatest common factor of 9 and o.
9
Suppose p = -4*m - m + 103, -3*p - 2*m + 270 = 0. Let q = p + -49. Let x be (-21)/14*78/(-9)*1. Calculate the greatest common divisor of q and x.
13
Let y be (27/(-6))/(3/(-6)). Suppose -144 = -5*x + 601. Suppose x - 14 = 5*v. What is the greatest common divisor of v and y?
9
Let q be 4/((4/(-3))/(-2)). What is the highest common divisor of 42 and q?
6
Let w(t) = t**2 - 6*t - 12. Let l be w(-3). Calculate the greatest common divisor of 165 and l.
15
Let h(t) = -t - 8 + 10*t + 7. Let w be h(4). Let c(f) = 4*f**2 + f. Let o be c(1). What is the greatest common factor of o and w?
5
Let k(n) = -2*n + 5. Let x be k(4). Let c be -18*(x/2 + -3). What is the highest common factor of c and 9?
9
Let c(t) = -t**2 + 6*t + 9. Let f be c(5). Suppose -4*k + 5*j = 2, -k = -0*j - j. What is the greatest common factor of f and k?
2
Suppose 2*z - 48 = -2*z. Suppose i = 5*i - z. Suppose i*t = 6*t - f - 17, -4*t = 4*f + 4. What is the highest common divisor of 20 and t?
4
Let m = 0 + -1. Let y = 1 + m. Suppose 3*g - 28 = -t + 3, t - 4 = y. Calculate the greatest common divisor of g and 18.
9
Let x be (-8)/((16/(-10))/4). Let g = 31 - x. Let r = g + -5. Calculate the highest common divisor of 9 and r.
3
Suppose 0 = -8*u + 6*u. Suppose u = -n + 4*c + 12, -3*c + 9 - 27 = -3*n. Suppose 0 = 2*a - 4*a + 16. Calculate the greatest common divisor of n and a.
4
Let x(n) = -n + n**3 - 2*n - 6*n**2 - 5 + 4*n**2. Let l be x(4). Let m = 152 - 77. Calculate the greatest common factor of l and m.
15
Suppose 5*m + 588 = 2*m + 4*j, 5*j = -5*m - 945. Let l = 291 + m. Calculate the highest common divisor of l and 9.
9
Suppose -t + 3*b = -18, 4*b + 0 = -20. Calculate the highest common divisor of 2 and t.
1
Let y(i) = -7 - 34*i + i + 6. Let k be y(-1). Calculate the highest common factor of 16 and k.
16
Let g(r) = r**3 + 4*r**2 - 8*r + 3. Let q be g(-5). Calculate the greatest common factor of q and 126.
18
Suppose 2*f = -4*d + 54, -5*d + 10 = -2*f + 46. What is the greatest common factor of f and 253?
23
Suppose s - 23 - 1 = 0. What is the greatest common factor of s and 60?
12
Suppose 26 = 2*f + 2*i + 10, -4*f - 3*i = -27. Suppose -155 = -f*c - 50. What is the greatest common factor of 7 and c?
7
Suppose 2*c - 22 = 146. Let i be 4/(-6)*186/(-4). Let t = i - 19. Calculate the highest common divisor of c and t.
12
Let c(o) = -3*o + 1. Let w be c(-1). Let n = 153 + -109. Calculate the highest common factor of w and n.
4
Let n(l) = 71*l**2 + 2*l - 2. Let z be n(2). What is the greatest common factor of 26 and z?
26
Let y(h) = -h**3 + 12*h**2 + 13*h + 2. Let c be y(13). Calculate the greatest common divisor of c and 12.
2
Let z(m) = -9*m - 1. Let f(r) = -3*r**3 - 2*r**2 + 2*r - 1. Let c be f(1). Let x be z(c). What is the greatest common divisor of x and 5?
5
Suppose l = -l - 3*h + 22, 12 = 2*l - 2*h. Calculate the greatest common divisor of l and 24.
8
Let w(n) = 8*n - 16. Let r be w(8). What is the greatest common factor of 32 and r?
16
Let w be (1/(-2))/(1/34). Let h be 1 + 0 - 0 - w. Calculate the greatest common divisor of 27 and h.
9
Suppose -3*i + 96 = -i. Suppose -w + i = -0*w. What is the highest common factor of 12 and w?
12
Let y = 5 - 2. What is the highest common divisor of 3 and y?
3
Let d be (6/9)/(4/42). Calculate the greatest common divisor of 21 and d.
7
Let l(d) = -6*d - 30. Let y be l(-12). What is the greatest common factor of y and 12?
6
Suppose 5*h - 4*r = 113, 3*h - 74 + 9 = r. Let w be (2 + 0)*(-147)/(-14). What is the highest common divisor of w and h?
21
Suppose 5*q = 4*q + 3. Suppose 0 = -0*d + q*d. Suppose d*p + 2*p = 64. What is the highest common factor of p and 4?
4
Let f(r) = 23*r - 2. Let k be f(4). Let d be 2/(-7) + k/21. Let h be (14 - 20)*32/(-6)*1. What is the greatest common factor of h and d?
4
Suppose 0 = 3*c + 15. Let y be -1 - 2 - (c + 1). What is the highest common factor of 11 and y?
1
Let s = -63 + 69. Calculate the greatest common factor of s and 4.
2
Suppose 4 = 4*k + 5*i, -3*k + 12 = i - 2. Calculate the highest common factor of 60 and k.
6
Let p = 82 - 12. Calculate the highest common factor of 28 and p.
14
Suppose -l = 1, -6*s - 4*l + 46 = -s. Let o be 4/(-2)*75/(-10). Suppose 2*y - o = 5*d, -23 = -4*y - d + 4*d. What is the greatest common factor of y and s?
5
Let r be 1*(-332 - -2)/(-3). Calculate the greatest common factor of 10 and r.
10
Let m = 33 + -26. Suppose -3*v - 3*h = 2*v - 17, -6 = -2*v - h. What is the highest common factor of v and m?
1
Let n = -34 + 37. Calculate the highest common factor of n and 57.
3
Let q be 4/(-5)*10/(-4). Suppose -4 = -2*p + 8. Calculate the highest common factor of p and q.
2
Suppose 4*v + 10 - 2 = 0. Let g be ((-9)/v)/((-3)/(-12)). Suppose 24 = 3*s - g. What is the highest common factor of 2 and s?
2
Let m = 16 + 0. Suppose 0 = j + 3*j + m. Let d(c) = c**3 + 5*c**2 + c + 3. Let r be d(j). What is the greatest common factor of r and 5?
5
Suppose -5*f - 7 = 6*k - 2*k, -2*f = -4*k + 14. Suppose -5*l + 4*l + 2 = 0. Let w be 22/4 + (-3)/l. What is the greatest common factor of k and w?
2
Let l(x) = 2*x**2 + 2*x - 1. Let r be l(-2). Let m(h) = -3*h**3